5, what is 231 - -3?
234
In base 15, what is -288 + -5?
-28d
In base 15, what is 5a6c - -1?
5a6d
In base 9, what is 0 - -813?
813
In base 12, what is 4a - -25?
73
In base 7, what is 13156 - -2?
13161
In base 10, what is 1 + -144?
-143
In base 16, what is 0 - -72?
72
In base 14, what is -269b - 0?
-269b
In base 2, what is 100 - 101011?
-100111
In base 3, what is 1002 - -12?
1021
In base 14, what is c + -a?
2
In base 10, what is -9 + -362?
-371
In base 10, what is 283 - -3?
286
In base 12, what is 2b + 302?
331
In base 8, what is 30 - 732?
-702
In base 7, what is 2 + -3053?
-3051
In base 2, what is 11011101110 - -10?
11011110000
In base 9, what is -34 - -5?
-28
In base 3, what is -12 + 202?
120
In base 15, what is -82 - e?
-91
In base 7, what is -36 - 6?
-45
In base 6, what is -12 - -1432?
1420
In base 15, what is 4 + -47c?
-478
In base 3, what is -11 + -21121110?
-21121121
In base 13, what is 28c9 - -4?
2900
In base 7, what is 16 + -25?
-6
In base 7, what is -501 - 4?
-505
In base 10, what is 50 - 3?
47
In base 4, what is 203 - -133?
1002
In base 14, what is -3 - -30?
2b
In base 8, what is 5 + 6423?
6430
In base 16, what is -89 - -3?
-86
In base 2, what is 100011 - -11010000?
11110011
In base 8, what is 162 - 3?
157
In base 3, what is 22221122 - -11?
22221210
In base 7, what is -24440 + 1?
-24436
In base 10, what is -72 + -10?
-82
In base 16, what is -2 + 10?
e
In base 11, what is -176a + -11?
-1780
In base 2, what is -1001100010 + 1?
-1001100001
In base 14, what is -b - 9?
-16
In base 8, what is 15567 - 0?
15567
In base 13, what is -40 - a?
-4a
In base 4, what is -11 + -113?
-130
In base 4, what is -3 + -131323?
-131332
In base 15, what is 25a + 1c?
277
In base 11, what is -9a8 - -9?
-99a
In base 11, what is 755 - -2?
757
In base 6, what is 303 + -1?
302
In base 13, what is 841 - 5?
839
In base 5, what is 103 + -11?
42
In base 12, what is -24 - -20?
-4
In base 12, what is -2 - -140?
13a
In base 7, what is -3 - 156?
-162
In base 10, what is 14 - 48?
-34
In base 13, what is -4 + -13?
-17
In base 14, what is -2c + -d?
-3b
In base 11, what is 1558 - -3?
1560
In base 6, what is -3 - -140?
133
In base 14, what is -4a - -a?
-40
In base 13, what is 4 - 66?
-62
In base 13, what is -5 + 19c?
197
In base 4, what is 30333 + 1?
31000
In base 12, what is 599 + -1?
598
In base 11, what is 2 - 1098?
-1096
In base 9, what is -1687 - 3?
-1701
In base 9, what is 5 + 376?
382
In base 11, what is 11a - -12?
131
In base 4, what is -101000 + -3?
-101003
In base 3, what is -1121001 - 2?
-1121010
In base 3, what is -111 + 2202?
2021
In base 10, what is -558 - 4?
-562
In base 8, what is 2243 - -3?
2246
In base 13, what is -3 - -5a2?
59c
In base 3, what is -12 - -10020020?
10020001
In base 6, what is -105 - -5?
-100
In base 8, what is 15 - -160?
175
In base 4, what is -1003311 - -3?
-1003302
In base 4, what is -1 + -1131?
-1132
In base 11, what is 3 - -41?
44
In base 5, what is -13331 - 4?
-13340
In base 10, what is 16820 - 4?
16816
In base 14, what is -5 + -2?
-7
In base 3, what is 2010001 + 0?
2010001
In base 16, what is -126 + 4?
-122
In base 14, what is -a10 - 9?
-a19
In base 11, what is 276 + -6a?
207
In base 13, what is 1 + 7b?
7c
In base 3, what is -11210 - -2202?
-2001
In base 2, what is -1 - 0?
-1
In base 2, what is 10 - -11000111?
11001001
In base 5, what is 10 + 140?
200
In base 14, what is 8 + c14?
c1c
In base 14, what is -11436 - -3?
-11433
In base 2, what is 100001000 + 0?
100001000
In base 13, what is 406 + 3?
409
In base 11, what is 1 - -181?
182
In base 8, what is 5 - 373?
-366
In base 13, what is -199 + 0?
-199
In base 10, what is 4 + -3797?
-3793
In base 9, what is -4 + -8473?
-8477
In base 5, what is 0 - -31013?
31013
In base 14, what is -926 - 5?
-92b
In base 2, what is 10010 - -111111?
1010001
In base 2, what is 101 - 100110110?
-100110001
In base 11, what is -2861 + -4?
-2865
In base 14, what is 2 - 11?
-d
In base 5, what is -20040 - 12?
-20102
In base 2, what is 110111 - 11011?
11100
In base 7, what is 5 + 2?
10
In base 14, what is -4 + 41?
3b
In base 11, what is 5 - 109?
-104
In base 11, what is -2232 + -4?
-2236
In base 6, what is -11 - -12?
1
In base 16, what is 3147 - -3?
314a
In base 3, what is -2 + -100?
-102
In base 2, what is -10010 - 10010?
-100100
In base 13, what is -1 + -45?
-46
In base 12, what is 104 + -16?
aa
In base 12, what is 2 + -20?
-1a
In base 9, what is 3 - -7827?
7831
In base 3, what is -221222 + -110?
-222102
In base 9, what is -801 + -3?
-804
In base 11, what is 4 + -40?
-37
In base 7, what is 6 + -203?
-164
In base 12, what is -2 - 66?
-68
In base 9, what is -316 + -4?
-321
In base 8, what is 7 + 10?
17
In base 15, what is -5 + -5c?
-62
In base 4, what is -11 - 311013?
-311030
In base 15, what is 2 - 14a?
-148
In base 15, what is -5 - -cd?
c8
In base 9, what is 115 - -2?
117
In base 2, what is 11 - -1001110101?
1001111000
In base 4, what is 101321 - -11?
101332
In base 4, what is 1 + 203?
210
In base 9, what is 16 - 3?
13
In base 2, what is -1010010011 + -11?
-1010010110
In base 9, what is -2 + 1808?
1806
In base 5, what is 4 - -240?
244
In base 14, what is 0 - -5dd?
5dd
In base 2, what is -10001010 + 111000?
-1010010
In base 3, what is 100121 - -1?
100122
In base 8, what is 5515 + 4?
5521
In base 3, what is -220 - -20?
-200
In base 7, what is 1212 + 4?
1216
In base 10, what is -27 + 7?
-20
In base 7, what is -3 + -242?
-245
In base 11, what is -7821 + 5?
-7817
In base 12, what is -4 - 23?
-27
In base 8, what is -73 + -26?
-121
In base 10, what is 28 + -2?
26
In base 14, what is 437 + -1?
436
In base 15, what is 52b - 1?
52a
In base 8, what is -10 - -547?
537
In base 12, what is -137 - -5?
-132
In base 15, what is -4 + e?
a
In base 9, what is 5 + -580?
-574
In base 9, what is -5 - 1613?
-1618
In base 14, what is -1 - 44?
-45
In base 7, what is 5244 - 6?
5235
In base 8, what is 4 + -123?
-117
In base 9, what is -5 + -122?
-127
In base 5, what is 4000 - -3?
4003
In base 5, what is -2442 - -4?
-2433
In base 5, what is -2 - -4?
2
In base 13, what is 5 - 23?
-1b
In base 11, what is -4 - 154?
-158
In base 11, what is 2687 + 3?
268a
In base 6, what is 43552 + -2?
43550
In base 12, what is -13 - -30a?
2b7
In base 4, what is 111202 - 1?
111201
In base 10, what is -2 - 52?
-54
In base 12, what is -787 + -5?
-790
In base 5, what is 342310 + -2?
342303
In base 7, what is -26 + 20?
-6
In base 5, what is -414104 - -1?
-414103
In base 5, what is -24043 + -1?
-24044
In base 7, what is 3 - 210?
-204
In base 9, what is 5 - 10188?
-10183
In base 4, what is -101 - -1232?
1131
In base 14, what is 10 + 7?
17
In base 9, what is -3 - 27?
-31
In base 3, what is -10 + -1200?
-1210
In base 7, what is 53 + 13?
66
In base 3, what is 10011 - -2?
10020
In base 15, what is -36 + 6?
-30
In base 3, what is 1201 - 1?
1200
In base 7, what is 1300 - -2?
1302
In base 10, what is -23 - 74?
-97
In base 16, what is -14a + -1?
-14b
In base 5, what is 23 - 10?
13
In base 5, what is -40 + 13?
-22
In base 9, what is -342 - 54?
-406
In base 7, what is -103 - 22?
-125
In base 16, what is 12c1e - 3?
12c1b
In base 14, what is -78 + -b?
-85
In base 8, what is -5 + -75?
-102
In base 15, what is 3 - -19?
1c
In base 10, what is 20 - 105?
-85
In base 3, what is -1220 + -2?
-1222
In base 12, what is 17 + -42?
-27
In base 4, what is 2 - 321232?
-321230
In base 14, what is 49 - c?
3b
In base 13, what is 3733 - -4?
3737
In base 5, what is 22322 + -10?
22312
In base 11, what is 389 + 3?
391
In base 10, what is -32 + 145?
113
In base 8, what is 24 + 23?
47
In base 7, what is 3 - -214?
220
In base 5, what is -4 + 244?
240
In base 9, what is -7 + 14?
6
In base 4, what is -33330 + -2?
-33332
In base 14, what is 1 + -51?
-50
In base 3, what is 20010122 + -1?
20010121
In base 16, what is -3 - -38?
35
In base 15, what is 1 + 5c?
5d
In base 11, what is 1 + 4a3?
4a4
In base 12, what is 2 - -111b?
1121
In base 6, what is -1020 - 5?
-1025
In base 14, what is -5 + -1c80?
-1c85
In base 3, what is -111201 + 1?
-111200
In base 3, what is 12 + 222210?
222222
In base 10, what is -1 + 95?
94
In base 6, what is -12 + -43?
-55
In base 13, what is -34 + 8?
-29
In base 10, what is 2 + -1510?
-1508
In base 6, what is -43 - 154?
-241
In base 4, what is -12220 + -1?
-12221
In base 13, what is 1 + -